6 - 5*f**2. Calculate r(z).
0
Let f(b) = b**3 - 24*b**2 + 2*b - 40. Suppose -940 = -24*y - 364. What is f(y)?
8
Let o(x) = 32*x - 8. Let i(t) = 14*t - 4. Let c(p) = 13*i(p) - 6*o(p). Calculate c(3).
-34
Let n(b) be the first derivative of -5/2*b**2 + 27 - 3*b. Give n(-2).
7
Let c(l) = -2*l - 6. Let a(x) = -2*x**2 - 23*x - 11. Let j = 74 + -85. Let k be a(j). Calculate c(k).
-6
Suppose 6*f + 3 = 15. Let l(w) = 64*w**2 + 2*w - 59*w**f + w + 2*w**3 + 1. Calculate l(-3).
-17
Let s(u) = -7*u - 2. Suppose -18 = -4*k + 2. Let p(v) = -13*v - 3. Let x(l) = k*s(l) - 3*p(l). Let y(b) = 4*b + 32. Let g be y(-7). What is x(g)?
15
Let p(i) = i + 1. Let b be 9*5/(-15) - -11. Give p(b).
9
Let u(b) = -9*b**2. Let r be u(1). Let z be (-1)/((-4)/(-36)) + 3. Let y = z - r. Let l(q) = -4*q + 1. Determine l(y).
-11
Let b(p) be the first derivative of 2*p**3/3 + 13*p**2/2 - 2*p - 147. What is b(-6)?
-8
Let i(c) be the first derivative of -c**3/3 - 7*c**2/2 + 5*c + 576. Give i(-10).
-25
Suppose -3*m + 28 = -7*m. Let k(o) = -20*o**2 + 7*o - 81. Let y(r) = -7*r**2 + 3*r - 28. Let u(w) = -6*k(w) + 17*y(w). What is u(m)?
-4
Suppose 0 = -4*o + 4 + 12. Let q = o - 4. Let p(j) = 6*j**3 + 1 - 5*j**3 - 6*j**2 + q*j**3 + 0 + 3*j. What is p(5)?
-9
Let c(u) = 2*u - 4. Suppose 0 = 35*a + 27 + 78. Determine c(a).
-10
Let w = 4 - -8. Suppose -3*c - w = c. Let z(d) = 7 - d**2 + 4*d + 183*d**3 - 184*d**3 - 4. What is z(c)?
9
Let h(r) = -5*r**3 - 2*r**2 - 2*r - 1. Let a be 10 + -1 + -3 + 2 + -3. Suppose 0*t - 10 = -a*n - 5*t, -3*n + 5*t - 18 = 0. Give h(n).
4
Let u be 51/(-6) - -8 - 42/4. Let w(h) = -h**2 - 11*h - 12. Calculate w(u).
-12
Let a(u) = -u**2 - 5*u - 2. Let w = 13 - 8. Suppose w*y - 89 = 51. Suppose 4*s = -5*l + 1 - 0, 4*s - y = 4*l. Determine a(l).
4
Suppose 126 = -9*p + 18. Let k(r) = r + 14. Let d be k(p). Let o(f) = -f**2. Let a(b) = -2*b**3 + 5*b**2 + 2*b. Let n(w) = a(w) + 6*o(w). Determine n(d).
-16
Let t be 10*-1 - (8 + 2 - 9). Let y(l) = -3*l - 3. Give y(t).
30
Let s(w) = -w**3 + 5*w**2 + 0*w**3 - 2*w - 3*w. Let g(c) = c**3 - 21*c**2 + 18*c + 45. Let p be g(20). Let d = p + -1. What is s(d)?
-4
Let y(q) = 2*q**2 - 11*q + 14. Let j(d) = -5*d**2 + 32*d - 39. Let h(u) = 6*j(u) + 17*y(u). What is h(-2)?
10
Let h(p) be the first derivative of p**5/60 - 5*p**4/12 + 45*p**2/2 + 58. Let n(o) be the second derivative of h(o). Determine n(6).
-24
Let j(k) = 4*k**3 + 8*k + 9. Let n(s) = 11*s**3 - 3*s**2 + 24*s + 26. Let v(q) = 8*j(q) - 3*n(q). Calculate v(6).
54
Let i(p) be the first derivative of -p**3/3 + 13*p**2/2 - 16*p - 69. Give i(11).
6
Let v(t) = t**3 + 10*t**2 - 12*t - 10. Suppose 3 = 3*r - 6. Suppose n + 3*n - 37 = r*d, 5*n = 4*d + 49. Give v(d).
1
Let y be 3/3 + -1 + 5. Suppose 0*m = y*m - 5. Let k(o) = 0 - 2*o**3 + o**2 + m + 0*o**3 - 2. Give k(1).
-2
Let s(n) = 2*n**2 - 4*n**2 + 3*n - 4 - 10*n. Let l = 10023 + -10027. Determine s(l).
-8
Let o(s) = -2*s + 4. Suppose -3 = 4*m - 4*t + 3*t, -15 = -5*t. Let v be o(m). Let x(q) = q**2 - 6*q + 2. What is x(v)?
-6
Suppose -f - x - 1 = 0, -3*f + 4*x = f - 28. Let i(p) = -p + p**3 - 2*p**2 - p - 1 + 0*p**2. What is i(f)?
2
Let l = -1976 + 1975. Let n(i) = -37*i - 3. What is n(l)?
34
Let h(g) be the first derivative of g**3/3 + 11*g**2/2 + 8*g + 8. Give h(-10).
-2
Suppose 50*k = 51*k - 5. Let i(b) = 0 - b**2 + 0*b**2 - 2 + 3*b - k. Determine i(5).
-17
Let a(o) = 3*o + 174*o**2 + 5*o - 3 - 194*o**2. Let c(x) = -7*x**2 + 3*x - 1. Let h(b) = 6*a(b) - 17*c(b). Give h(-1).
1
Let y(t) be the third derivative of t**4/24 + t**3/6 + t**2. Let c(q) = -q**2 - 3*q + 8. Let k be c(-4). Suppose -30*m + 32*m - k = 0. Determine y(m).
3
Suppose -r + 2 = 3*r + u, 4*r - 2*u + 4 = 0. Suppose 0*b - b + 27 = r. Let w = b - 24. Let f(p) = -p**2 + 4*p - 2. Determine f(w).
1
Let v(a) = -a**3 + 5*a**2 - 3*a - 2. Let o be (28/56)/(3/24). Calculate v(o).
2
Let b = 608 + -615. Let w(l) = -l + 8. Give w(b).
15
Let c(m) be the second derivative of -m**6/360 - m**5/20 - m**4/12 + m**3 - 16*m. Let u(r) be the second derivative of c(r). Determine u(-6).
-2
Let g(w) be the third derivative of -1/2*w**3 + 0*w - 2*w**2 - 1/24*w**4 + 0. Let q be 2 + 11/((-33)/18). Determine g(q).
1
Let y(f) = -2*f**3 + 3*f**2 + 4*f - 1. Let p = -1143 - -1146. What is y(p)?
-16
Let o(y) = 3*y + 5. Let p = 806 - 802. What is o(p)?
17
Let o(n) = -1 + 0*n + 11*n + 0*n + n. Let l be (20/(-30))/((-1)/9). Suppose l*c - 3*c - 3 = 0. Determine o(c).
11
Let y(v) = -v**3 - 7*v**2 - 7*v - 8. Let a = -1887 + 1881. Give y(a).
-2
Let r(b) = b + 2. Let y(u) = 8*u**2 - u. Let a be y(1). What is r(a)?
9
Let o(m) be the second derivative of -1/6*m**3 - 1/2*m**2 + 0 + 21*m. Give o(-4).
3
Suppose 3*y = -12, 2*k - 11 + 1 = 4*y. Let d(r) be the third derivative of r**6/120 + r**5/20 + r**4/8 + r**3/6 + 7*r**2. Give d(k).
-8
Let a(q) = 3 + 5*q**3 - 2*q**3 - 4*q**3 + 39*q**2 - 35*q**2. What is a(4)?
3
Let q(g) = -20 + 140*g - 141*g + 5. Determine q(-8).
-7
Let k(o) be the first derivative of o**3/3 + 15*o**2/2 + 15*o - 337. What is k(-15)?
15
Let m = -454 + 458. Let o(n) = -8*n + 15*n - 9*n + 0 + 3. What is o(m)?
-5
Let o(j) be the third derivative of j**5/15 - j**4/24 + 108*j**2. Calculate o(2).
14
Let k(w) = -2*w**3 - 12*w**2 + 13*w - 7. Let d(s) = -s**3 - 10*s**2 + 11*s - 6. Let y(l) = -4*d(l) + 3*k(l). Give y(2).
-7
Let x(k) = 5*k**2 + 7*k + 4. Suppose 0 = 49*g - 50*g + 11. Let d(u) = -14*u**2 - 21*u - 12. Let z = 4 - 0. Let q(h) = g*x(h) + z*d(h). What is q(-5)?
6
Let p(f) be the first derivative of -f**6/180 + f**4/12 - 13*f**3/3 - 3. Let o(l) be the third derivative of p(l). Suppose -4 = -4*i + 6*i. Calculate o(i).
-6
Let n(m) be the second derivative of 3*m**3/2 - 61*m**2/2 + 314*m + 2. Calculate n(7).
2
Let y(c) = -59*c - 53. Let h be y(-1). Let f(k) = -k**3 + 6*k**2 + 3*k + 2. Calculate f(h).
20
Let i(v) = -9*v + 2. Suppose -5*w = p + 6, 8*w - 3*p + 1 = 4*w. What is i(w)?
11
Let y(m) = 12*m**2 + 7*m + 6*m**2 - 5 - 15*m**2. What is y(4)?
71
Let w(s) = s**2 - 12*s + 14. Suppose 5*c - 55 = -0*c. Let n be w(c). Let m(y) = y**3 - y**2 - 4*y + 2. Determine m(n).
8
Let m(g) = -2*g - 1. Let b(f) = -f**2 - 22*f - 34. Let l be b(-20). What is m(l)?
-13
Let d(b) = -3*b**3 - 4*b**2 - 4*b + 8. Let y(k) = -16*k**3 - 21*k**2 - 19*k + 44. Let z(s) = -11*d(s) + 2*y(s). Give z(-4).
-56
Suppose 52 + 123 = -35*j. Let a(g) = -7*g**3 - 12*g**2 - 13*g + 6. Let r(d) = -3*d**3 - 6*d**2 - 6*d + 3. Let o(l) = 2*a(l) - 5*r(l). What is o(j)?
2
Let t(f) = -3*f - 3. Let n be t(-2). Let r be 3/(-3 + 0) + n. Let y(z) = -r - 1 + 3 - 1 - z. What is y(-6)?
5
Let k be (0 + 4)/(-8)*-2 - 3. Let d(g) = 0 + 5*g - 2 - 11*g. Give d(k).
10
Let k(g) be the third derivative of g**4/12 + 10*g**3/3 + 822*g**2. What is k(0)?
20
Let z(w) = w - 5. Let h be z(-6). Let j = -24 - h. Let x = 10 + j. Let b(d) = -3*d - 3. Determine b(x).
6
Let v(b) be the third derivative of b**4/12 + 2*b**2 + 54*b. What is v(2)?
4
Let k(b) = 5*b - 5. Let d(j) = j**3 - 21*j**2 - 26*j + 95. Let c be d(22). Calculate k(c).
30
Suppose 5*o + 28 = -4*c, -6*o = 2*c - o + 24. Let n(j) = j**2 - 3*j - 3. What is n(c)?
7
Let t(r) = -r**2 + 5*r - 2. Let z(d) = d + 6. Let a be z(-6). Suppose -8*p + 12*p = a. Let m be p/(-5) + (4 - 0). Give t(m).
2
Let x(r) be the third derivative of r**6/720 + r**5/60 - 3*r**4/4 + 22*r**2. Let y(k) be the second derivative of x(k). What is y(5)?
7
Let k(o) = o**3 - 7*o**2 - 6*o - 13. Let q be 10 - (-2 + (7 - 3)). Determine k(q).
3
Let k(y) = -y**2 + 4*y. Let s = -10 + 17. Suppose -5*n = -s*n + 10. Give k(n).
-5
Let q(j) = -6*j - 6. Let t be q(-2). Suppose -t = -5*v - 1. Let z(f) = -2*f + 3*f + 2*f**2 - 2*f. Determine z(v).
1
Let g(i) = -633 + 3*i**2 + 634 + 5*i**2. Calculate g(-1).
9
Suppose -9*q = -14*q + 10. Let o(r) = 7*r**2 - 3*r**2 - 2 + 5*r**q - 3*r**2 - r**3. Determine o(6).
-2
Let t(u) be the first derivative of u**3/3 + 5*u**2/2 + u - 1. Suppose 5*o - 158 + 28 = 0. Let s = 20 - o. Calculate t(s).
7
Let h(p) = p + 5. Let a be h(-1). Suppose g = -3*u + 25 - 8, -a*g = 4*u - 36. Let q(k) = -2*k + 2. Give q(g).
-8
Let u(z) = z**3 + 3*z**2 + z + 4. Let a = -9 - 28. Let m = -22 - a. Suppose -k - m = 4*k. Give u(k).
1
Suppose -4*l + 1 = 13. Let k(u) = -u**2 + 2*u - 1. Let z(s) = s**2. Let j(y) = -k(y) - 2*z(y). Give j(l).
-2
Let l(t) = 